1/b - (-241)/8?
2, 3, 5
Let i(u) = -u**2 - 5*u - 7. Let c be i(-5). Let a = -49 + c. Let g = a - -94. What are the prime factors of g?
2, 19
Let y be -1 - (-12)/(7 - 3). Let v(b) = 23*b + 4. List the prime factors of v(y).
2, 5
Suppose 0 = 11*j - 13*j + 634. List the prime factors of j.
317
Let t(k) be the second derivative of -k**3/6 + 13*k**2/2 - 3*k. Let l be t(-7). Suppose -l = -3*x + 10. List the prime factors of x.
2, 5
Let f(n) = 5*n**2 + n + 6. Let c be f(7). Let p = 397 - c. What are the prime factors of p?
139
List the prime factors of (-252)/30*-5 - 5.
37
Let u(q) = -q**3 + 5*q**2 + 8*q - 6. Let g be u(6). What are the prime factors of (-6*(-4)/g)/(4/32)?
2
Let s(z) = 5*z**2 + 2*z + 1013. What are the prime factors of s(0)?
1013
Let r(i) = 31*i**2 + 1. Suppose -2*v + 7*v = 0. Suppose v = -3*p + 4*p - 1. What are the prime factors of r(p)?
2
Let g = -3 + 154. Suppose 208 = 4*m - 4*h, 3*h - g - 77 = -5*m. List the prime factors of m.
2, 3
Suppose -7*t + 5*t = 144. What are the prime factors of 0 - (-2794)/18 - (-16)/t?
5, 31
Suppose -24*x + 19*x + 13492 = 2*o, -2*o + 5398 = 2*x. List the prime factors of x.
2, 19, 71
Let g be (-27)/(-6)*(-4)/(-6). Suppose 5*y + 5*a = 15, -g*y - 2*a = -0*a - 8. Suppose 2*n + 4 = 3*w - 31, -y*w - 4*n + 34 = 0. What are the prime factors of w?
13
Suppose 25 = 5*b, 7*q - 3*q = b + 31. Let m(k) = -k**3 + 7*k**2 - 3*k + 6. Let s be m(7). List the prime factors of (q - 0)*(-5)/s.
3
Let g = -45 - -45. Suppose 13*u - 7*u - 168 = g. What are the prime factors of u?
2, 7
List the prime factors of (-162)/(-8)*156/13 - -2.
5, 7
Let l(a) = -2*a**3 + a**2 + 3*a + 2. Suppose q + 13 = 15. Suppose -q = -f - 4. List the prime factors of l(f).
2
Let k(q) = 3*q**3 + 3*q**2 + 12. Let s = 6 - 10. Let b(r) = 5*r**3 + 7*r**2 + r + 23. Let i(f) = s*b(f) + 7*k(f). What are the prime factors of i(8)?
2, 3
Let r = 143 + -20. Suppose 0 = 4*f - 3*m - r, 0 = -9*f + 4*f - 4*m + 146. What are the prime factors of 1 + f + (-1 - 1)?
29
Let u be (-16)/(-88) + 2064/22. Let c = -1 - -5. Suppose -u = -3*q - c. List the prime factors of q.
2, 3, 5
Let z(m) = 2*m - 27. Let s be z(15). What are the prime factors of (34/(-4))/(-2*s/12)?
17
Suppose 6195 = 2*j + 3*k, -212*j + 207*j + 2*k + 15535 = 0. What are the prime factors of j?
3, 5, 23
Let d(s) = s**2 - 6*s - 17. Let h be d(-5). Suppose -h + 114 = 2*y. List the prime factors of y.
2, 19
Let w = 29 + -28. Suppose 0 = -k - w, 4*g - k - 10 = -1. Suppose 0 = 3*x + 4 + 8, -2*d = -g*x - 44. What are the prime factors of d?
2, 3
What are the prime factors of 643 + 4 + -3 + -9?
5, 127
Suppose -4*w = -5*c - 26 + 3, 0 = -c - 3. Suppose -4*m = -w*m. Suppose m*j = -3*j - 4*f + 83, -5*j = 2*f - 157. What are the prime factors of j?
3, 11
Suppose 9 - 5 = 4*k. Let j(v) = 4*v. Let g be j(k). Let r = 6 - g. What are the prime factors of r?
2
Suppose -40*m + 44*m + 5*q - 8986 = 0, 0 = 3*m + 2*q - 6743. List the prime factors of m.
13, 173
Suppose 5*s - 20 = -a + s, 3*s = 2*a + 15. Suppose -3*m - 50 + 17 = a. Let t = -6 - m. What are the prime factors of t?
5
Let o(d) be the first derivative of -19*d**2 - 13. Suppose 4*i - m + 7 = 0, -2*m = 2*i - 5 + 1. What are the prime factors of o(i)?
2, 19
Let m be 9/(5 - 2) + -2 + 1. Suppose 0 = -m*x + 99 + 97. What are the prime factors of x?
2, 7
Let t = 51 + 1. Let c = 107 - t. List the prime factors of c.
5, 11
Suppose 4*s = -8, -4*a - s = a - 6303. What are the prime factors of a?
13, 97
Let s(o) = -28*o + 1. Suppose -x + 0*h = 3*h - 1, -5*x + 2*h - 12 = 0. What are the prime factors of s(x)?
3, 19
Let j = -25 + 34. What are the prime factors of j/24*126 - 12/(-16)?
2, 3
Let f = -2736 + 4037. What are the prime factors of f?
1301
Let l = 3789 + -2102. What are the prime factors of l?
7, 241
Suppose 22*m = 29*m - 7091. What are the prime factors of m?
1013
Suppose 3 = o - 0*o. Suppose 0 = -o*t + 5*n + 21, 0 = -t - 4*n - n + 27. What are the prime factors of t?
2, 3
Suppose 0 = 33*r - 67711 - 25943. What are the prime factors of r?
2, 3, 11, 43
What are the prime factors of ((-120)/16 + 8)/((-1)/(-4414))?
2207
Suppose 6*y - 4198 - 1316 = 0. What are the prime factors of y?
919
Let n = -8 + 8. Suppose i + 22 + 49 = n. Let c = -45 - i. List the prime factors of c.
2, 13
Let p(h) = -3*h**2 + 78*h - 6. List the prime factors of p(20).
2, 3, 59
Suppose 0*k - 4 = 4*k, 2*k + 2 = -5*j. Let t = 4 - j. What are the prime factors of -10*(3 - t) + 0?
2, 5
Let y(b) = -b**3 + 8*b**2 - 7*b + 3. Let j be y(7). Suppose -3*n = -j*t - 7*n + 245, 4*n = 4*t - 280. What are the prime factors of t?
3, 5
What are the prime factors of -2814*(-8 + (6 - -1))?
2, 3, 7, 67
Suppose -167*q + 169*q - 1760 = 0. List the prime factors of q.
2, 5, 11
Suppose 3*d = 1596 + 75. What are the prime factors of d?
557
Suppose -3*l = 2*d, -d + 2*l = -3*l. Suppose d = -2*p - 8, 0 = -x + p - 2 + 9. Suppose 0 = -x*y - 11 + 59. What are the prime factors of y?
2
Let c be ((0/(-3))/(-3) - -536) + -2. Let r = -272 + c. What are the prime factors of r?
2, 131
Let n(g) = 22*g + 2. Let z be n(4). Suppose 3*p = -3*h + 3, -2*p + 4*h = 5*h - 5. Suppose p*j - z = j. What are the prime factors of j?
2, 3, 5
Suppose -26*f + 30*f = -80. What are the prime factors of 8/10 - (3744/f - 2)?
2, 5, 19
Let t(r) = -85*r + 4. Let q be t(1). Let v = -56 - q. List the prime factors of v.
5
Suppose 0 = -4*h - 84*h + 267960. List the prime factors of h.
3, 5, 7, 29
Suppose 704 = 5*w + 139. Let o = -49 + w. What are the prime factors of o?
2
Suppose -5*o - 4*n + 5*n + 1888 = 0, 3*n = 6. List the prime factors of o.
2, 3, 7
Suppose 36*r - 144*r + 501012 = 0. What are the prime factors of r?
4639
Let x = -32 + 55. Suppose -c = -3*n - n - x, -23 = -c + 2*n. List the prime factors of c.
23
Let r(u) = -11*u + 57. Suppose i + 2*p + 7 = 0, 4*i - p + 29 + 8 = 0. What are the prime factors of r(i)?
2, 3, 13
Let b be 1*41 - (6 + -6). Let q(i) = -11*i - 8. Let w be q(-6). Let a = w - b. What are the prime factors of a?
17
Suppose 30*o = 11237 + 57073. What are the prime factors of o?
3, 11, 23
Let v(k) = 2*k**2 - 20. List the prime factors of v(16).
2, 3, 41
Let a = -448 + 489. What are the prime factors of a?
41
Suppose 20 = 14*t - 16*t. Let s(y) = y**2 - y - 11. What are the prime factors of s(t)?
3, 11
Suppose 348*h + 565 = 353*h. List the prime factors of h.
113
Suppose -4*k + 9*k - 19 = -3*v, 4*v = 3*k + 6. Suppose 0 = -5*i - v + 13. Suppose -c - 49 = -5*q + 115, i*q + 3*c - 69 = 0. List the prime factors of q.
3, 11
Suppose 0 = 11*q - 9*q + 12. List the prime factors of ((-12)/15)/(q/165).
2, 11
Let d be (1 + 1)/(6 - 4). Suppose -7 = 2*x + d. What are the prime factors of 2/8 + (-307)/x?
7, 11
Let d = 2272 + -1577. What are the prime factors of d?
5, 139
Let z(n) = 5*n**2 - 2*n + 26. Let m(x) = x**2 - x - 1. Let s(q) = -4*m(q) + z(q). List the prime factors of s(0).
2, 3, 5
Suppose 0*m - 3*m + 6 = 0. Suppose -2*n + 5 + 607 = 3*b, -4*b + 816 = n. What are the prime factors of (-1)/m + b/8?
5
List the prime factors of (-2)/(1/139*-2).
139
Let u = -12 - -37. Let v = 184 + u. What are the prime factors of v?
11, 19
Suppose 4*s = -2397 + 9221. List the prime factors of s.
2, 853
Let w be 1/(-2) + (-4)/(-8). Suppose -2*s + 20 + 18 = w. List the prime factors of s.
19
Suppose -8*u + 18200 = 5*u. What are the prime factors of u?
2, 5, 7
Suppose -4197 = -2*o - 1199. What are the prime factors of o?
1499
Let v be ((-1)/2)/(1/(-408)). Suppose -26 = -2*s + v. Suppose -3*x - s - 30 = -4*a, -3*x = a - 40. What are the prime factors of a?
37
Let d = 4313 - 2315. What are the prime factors of d?
2, 3, 37
Suppose 6*h + 15 = 105. What are the prime factors of 6/15 + 129/h?
3
Suppose -16*s = -12*s - 28. Suppose 4*f - 12 = s*f, -5*n + 239 = -f. What are the prime factors of n?
47
Suppose 396 = 11*o + o. List the prime factors of o.
3, 11
Suppose 0 = -4*q - 5*q + 7452. What are the prime factors of q?
2, 3, 23
Suppose -4*g + 5*g = 4*c + 56, -138 = -3*g + 2*c. Suppose 4*x - 2*x = g. Let u = x - 11. List the prime factors of u.
11
Suppose 44149 = 24*a - 4259. List the prime factors of a.
2017
Suppose -4*n = -4*r + 2464, 4*n + 1929 = 3*r + 80. What are the prime factors of r?
3, 5, 41
What are the prime factors of (-5 + 105/10)*(2 - -40)?
3, 7, 11
Suppose -193*s